-2?
14845
In base 7, what is 1 - 4?
-3
In base 8, what is 4 + -171?
-165
In base 13, what is 5 - -b1?
b6
In base 14, what is -2 - 1d7d?
-1d81
In base 5, what is 101 + 242?
343
In base 16, what is -2f - 6?
-35
In base 16, what is 10 + -3?
d
In base 15, what is -162c + 0?
-162c
In base 12, what is -71 + -4?
-75
In base 5, what is 143 + -13?
130
In base 4, what is -1210031 - -1?
-1210030
In base 15, what is 14e + -3?
14b
In base 12, what is -183 + -3?
-186
In base 6, what is -4 - 14441?
-14445
In base 7, what is -1 + 261?
260
In base 9, what is -85 + -30?
-125
In base 14, what is 5 + dd?
104
In base 15, what is -1c - -2?
-1a
In base 6, what is -421 + -4?
-425
In base 10, what is -9990 - -4?
-9986
In base 6, what is 4 + -334?
-330
In base 9, what is 386 + 3?
400
In base 8, what is 25 + 1?
26
In base 15, what is 1a9 - 46?
163
In base 10, what is 16 - -40?
56
In base 13, what is -19 + 17?
-2
In base 4, what is 12323 - 12?
12311
In base 2, what is -100 - -100100?
100000
In base 14, what is -32 + 3?
-2d
In base 9, what is -64 + -43?
-117
In base 3, what is -11 - -200202?
200121
In base 12, what is -168 + -5?
-171
In base 13, what is 20 - 4?
19
In base 4, what is 231 + -11?
220
In base 13, what is 13 + 4aa?
4c0
In base 16, what is f8 - -10?
108
In base 16, what is e1 + -f?
d2
In base 13, what is -2 - -5ba?
5b8
In base 2, what is -1001011110 - 10?
-1001100000
In base 16, what is e7 + -1?
e6
In base 3, what is 110 + -11?
22
In base 11, what is -1 - -156?
155
In base 14, what is -a79 - 1?
-a7a
In base 10, what is -4 - -200?
196
In base 9, what is -8185 + 2?
-8183
In base 14, what is 109 + -1?
108
In base 4, what is 310 - -3?
313
In base 15, what is 2 + 317?
319
In base 14, what is 3 - -2?
5
In base 15, what is -6 - -221?
21a
In base 12, what is 190 + 13?
1a3
In base 5, what is -11 - 320?
-331
In base 11, what is -71 - 63?
-124
In base 8, what is 75 + -15?
60
In base 15, what is 31 + 4?
35
In base 14, what is -5 + -168?
-16d
In base 6, what is -5 + 124?
115
In base 4, what is 31 - -21120?
21211
In base 7, what is -10 + 1125?
1115
In base 6, what is 4022 + -31?
3551
In base 13, what is 505 - c?
4c6
In base 7, what is -3 + 335?
332
In base 8, what is -4 - -27?
23
In base 15, what is -b7 + 5?
-b2
In base 4, what is 10 + 2210?
2220
In base 6, what is 34 - 12?
22
In base 9, what is 207 - 2?
205
In base 2, what is -1110010 - 10?
-1110100
In base 12, what is 27 - 1?
26
In base 10, what is 15 - -23?
38
In base 6, what is -41503 - -2?
-41501
In base 16, what is -bf + 3?
-bc
In base 12, what is -29 + 3?
-26
In base 11, what is -19 + -142?
-160
In base 7, what is -140 - 3?
-143
In base 10, what is 6016 + 1?
6017
In base 13, what is -51 - 42?
-93
In base 8, what is -16 + 164?
146
In base 3, what is -102 + -1210110?
-1210212
In base 8, what is -2 - -5?
3
In base 4, what is 1 - -2112?
2113
In base 10, what is -14 - 18?
-32
In base 2, what is 0 + 0?
0
In base 15, what is -1a + -6?
-21
In base 15, what is -2 - 2dd?
-2e0
In base 5, what is 123 + 1001?
1124
In base 10, what is 0 + 72?
72
In base 2, what is 110 - -1100001?
1100111
In base 9, what is 1530 - 5?
1524
In base 15, what is a99 - 2?
a97
In base 13, what is -15 - 18?
-30
In base 14, what is -a4 + -c7?
-18b
In base 7, what is 2433 - 12?
2421
In base 8, what is -1555 - -1?
-1554
In base 11, what is 0 - 12?
-12
In base 5, what is 1224 + 14?
1243
In base 2, what is 0 - 1001110110111?
-1001110110111
In base 10, what is -38 + 130?
92
In base 4, what is 2220 - 31?
2123
In base 4, what is -110032 - -3?
-110023
In base 6, what is 4 + 5?
13
In base 12, what is 96 - -4?
9a
In base 15, what is 11 - e?
2
In base 3, what is 10 - 2020212?
-2020202
In base 4, what is 102 - 10?
32
In base 9, what is 240 + -17?
222
In base 2, what is 1101111011101 - 1?
1101111011100
In base 13, what is -1 - 7ba?
-7bb
In base 10, what is 9 - -3172?
3181
In base 15, what is -51 - 8?
-59
In base 11, what is -15 + -8?
-22
In base 16, what is -8 + 15e?
156
In base 7, what is 143031 + 4?
143035
In base 11, what is 3 + -a2?
-9a
In base 2, what is -10 - 10011110110?
-10011111000
In base 8, what is 5 + 2555?
2562
In base 12, what is 4 + 57?
5b
In base 4, what is 2 + -1220203?
-1220201
In base 5, what is -1014 - 1042?
-2111
In base 2, what is -1011 - -1110001?
1100110
In base 6, what is 43 + -23?
20
In base 10, what is 2 + -41?
-39
In base 6, what is 23 + 442?
505
In base 4, what is 11 + -221?
-210
In base 4, what is 13022 + 3?
13031
In base 10, what is 14 + 124?
138
In base 2, what is 110000 + -100?
101100
In base 12, what is -1442 + 4?
-143a
In base 11, what is -2669 + -2?
-2670
In base 7, what is 2 + -214?
-212
In base 15, what is -4 - -502?
4ed
In base 12, what is 21 - 23?
-2
In base 11, what is 1 - 26?
-25
In base 9, what is 4547 - 2?
4545
In base 2, what is 0 + -111101100?
-111101100
In base 10, what is -135 - -2?
-133
In base 7, what is -10 + 5644?
5634
In base 10, what is 2650 - 4?
2646
In base 3, what is -2 - -1020?
1011
In base 14, what is -116 - 7?
-11d
In base 16, what is 3 + 154?
157
In base 11, what is -2 + 926?
924
In base 13, what is 2 + 20?
22
In base 14, what is 3 + 8b?
90
In base 15, what is 12 - 53?
-41
In base 9, what is -278 + 4?
-274
In base 13, what is -566 - -12?
-554
In base 11, what is 5 - 54?
-4a
In base 6, what is 3 + 11313?
11320
In base 8, what is 15 + 16?
33
In base 15, what is -32 + -5?
-37
In base 10, what is 9 + -145?
-136
In base 6, what is -10 + -51?
-101
In base 15, what is -5 - 2?
-7
In base 16, what is 2e + 45?
73
In base 9, what is -1 - 526?
-527
In base 7, what is 122451 - -3?
122454
In base 15, what is -209 + -3?
-20c
In base 14, what is 462 + -4?
45c
In base 10, what is 80 - 5?
75
In base 6, what is 245 - -3?
252
In base 3, what is 212 + 210?
1122
In base 10, what is -708 - -23?
-685
In base 6, what is -151 + -103?
-254
In base 3, what is -1 - 112011?
-112012
In base 7, what is 3 - -2345?
2351
In base 13, what is 2539 + -5?
2534
In base 5, what is 3134 - -3?
3142
In base 2, what is -10010 + 10100?
10
In base 10, what is -66 + 10?
-56
In base 7, what is 1 + 2634?
2635
In base 5, what is -1 + 1214?
1213
In base 8, what is 341 + -5?
334
In base 9, what is -584 + -1?
-585
In base 3, what is -10 - -222?
212
In base 11, what is 63 + -3?
60
In base 4, what is -11 - 22212?
-22223
In base 10, what is -109 + 4?
-105
In base 15, what is -6 + -8?
-e
In base 7, what is 4 + 42?
46
In base 11, what is 165 - 12?
153
In base 5, what is 10 - 24113?
-24103
In base 14, what is 7 + ab?
b4
In base 5, what is 10 - 1000?
-440
In base 13, what is -4 + -365?
-369
In base 7, what is -4 + 3530?
3523
In base 8, what is 32252 - 4?
32246
In base 12, what is b + -33?
-24
In base 11, what is -1919 + -5?
-1923
In base 15, what is -80 - 1a?
-9a
In base 14, what is -2c + -4?
-32
In base 4, what is 0 - -31111?
31111
In base 12, what is -149 - -5?
-144
In base 11, what is -5 - -75?
70
In base 13, what is -4b + 19?
-32
In base 13, what is -c2 + 5?
-ba
In base 9, what is -182 - -62?
-120
In base 13, what is -1 - -4?
3
In base 11, what is -64 - 8?
-71
In base 4, what is 23 - 10212?
-10123
In base 2, what is 101100010 + -1010?
101011000
In base 8, what is 2 + -3333?
-3331
In base 16, what is 1 - -d?
e
In base 11, what is 2 + 414?
416
In base 5, what is 1210 - 40?
1120
In base 2, what is 101 + -1011000?
-1010011
In base 9, what is 232 - -5?
237
In base 14, what is 18 + 0?
18
In base 4, what is 302 + 0?
302
In base 10, what is 24 + -3?
21
In base 16, what is -1 - 28?
-29
In base 15, what is -81 - -43?
-3d
In base 3, what is -10021002 - 11?
-10021020
In base 8, what is 444 - -5?
451
In base 6, what is 204 - 23?
141
In base 13, what is 5 - -191?
196
In base 5, what is 0 - 330?
-330
In base 6, what is -151 - -41?
-110
In base 9, what is 1 + 100?
101
In base 9, what is -3 - 3?
-6
In base 12, what is 4 - 5?
-1
In base 2, what is 1110110100101 - -100?
1110110101001
In base 4, what is -11 + 223333?
223322
In base 13, what is 3 - a?
-7
In base 14, what is -1 - 37?
-38
In base 15, what is c1 - -1?
c2
In base 11, what is -77 - 2?
-79
In base 7, what is -440 + -2?
-442
In base 6, what is -10 - 32?
-42
In base 2, what is -11 - 100000?
-100011
In base 11, what is -3 - -30?
28
In base 5, what is -1 - -4141?
4140
In base 10, what is -2392 + 4?
-2388
In base 3, what is -